{"id":178,"date":"2014-11-26T07:40:07","date_gmt":"2014-11-26T06:40:07","guid":{"rendered":"http:\/\/www.les3mousquetons.net\/?page_id=178"},"modified":"2025-08-22T15:05:55","modified_gmt":"2025-08-22T14:05:55","slug":"horaires","status":"publish","type":"page","link":"http:\/\/www.les3mousquetons.net\/?page_id=178","title":{"rendered":"Horaires saison 2025\/2026"},"content":{"rendered":"\n<figure class=\"wp-block-image size-large\"><img loading=\"lazy\" decoding=\"async\" width=\"1024\" height=\"515\" src=\"https:\/\/www.les3mousquetons.net\/wp-content\/uploads\/2025\/08\/planning-2025-2026-1024x515.jpg\" alt=\"\" class=\"wp-image-5907\" srcset=\"http:\/\/www.les3mousquetons.net\/wp-content\/uploads\/2025\/08\/planning-2025-2026-1024x515.jpg 1024w, http:\/\/www.les3mousquetons.net\/wp-content\/uploads\/2025\/08\/planning-2025-2026-300x151.jpg 300w, http:\/\/www.les3mousquetons.net\/wp-content\/uploads\/2025\/08\/planning-2025-2026-348x175.jpg 348w, http:\/\/www.les3mousquetons.net\/wp-content\/uploads\/2025\/08\/planning-2025-2026-768x387.jpg 768w, http:\/\/www.les3mousquetons.net\/wp-content\/uploads\/2025\/08\/planning-2025-2026.jpg 1325w\" sizes=\"(max-width: 1024px) 100vw, 1024px\" \/><\/figure>\n\n\n\n<ul>\n<li>Un cr\u00e9neau \u00ab\u00a0<strong>Mixte<\/strong>\u00a0\u00bb est un cr\u00e9neau o\u00f9 au cours de l&rsquo;ann\u00e9e on basculera de la salle de difficult\u00e9 (College ou lycee) \u00e0 la salle de Bloc de la B\u00e9ouzo pour changer de discipline<\/li>\n\n\n\n<li>Un cr\u00e9neau \u00ab\u00a0<strong>que Diff<\/strong>\u00a0\u00bb est un cr\u00e9neau qui sera purement de la grimpe sur corde (diff=difficult\u00e9)<\/li>\n\n\n\n<li>Un cr\u00e9neau \u00ab\u00a0<strong>que bloc<\/strong>\u00a0\u00bb est un cr\u00e9neau qui restera en discipline bloc (sans encordement) toute l&rsquo;ann\u00e9e.<\/li>\n<\/ul>\n","protected":false},"excerpt":{"rendered":"<p>Consulter les horaires<\/p>\n","protected":false},"author":2,"featured_media":0,"parent":196,"menu_order":0,"comment_status":"closed","ping_status":"closed","template":"","meta":{"neve_meta_sidebar":"","neve_meta_container":"","neve_meta_enable_content_width":"on","neve_meta_content_width":85,"neve_meta_title_alignment":"","neve_meta_author_avatar":"","neve_post_elements_order":"","neve_meta_disable_header":"","neve_meta_disable_footer":"","neve_meta_disable_title":"","_themeisle_gutenberg_block_has_review":false,"_ti_tpc_template_sync":false,"_ti_tpc_template_id":"","cybocfi_hide_featured_image":"","footnotes":""},"_links":{"self":[{"href":"http:\/\/www.les3mousquetons.net\/index.php?rest_route=\/wp\/v2\/pages\/178"}],"collection":[{"href":"http:\/\/www.les3mousquetons.net\/index.php?rest_route=\/wp\/v2\/pages"}],"about":[{"href":"http:\/\/www.les3mousquetons.net\/index.php?rest_route=\/wp\/v2\/types\/page"}],"author":[{"embeddable":true,"href":"http:\/\/www.les3mousquetons.net\/index.php?rest_route=\/wp\/v2\/users\/2"}],"replies":[{"embeddable":true,"href":"http:\/\/www.les3mousquetons.net\/index.php?rest_route=%2Fwp%2Fv2%2Fcomments&post=178"}],"version-history":[{"count":68,"href":"http:\/\/www.les3mousquetons.net\/index.php?rest_route=\/wp\/v2\/pages\/178\/revisions"}],"predecessor-version":[{"id":5908,"href":"http:\/\/www.les3mousquetons.net\/index.php?rest_route=\/wp\/v2\/pages\/178\/revisions\/5908"}],"up":[{"embeddable":true,"href":"http:\/\/www.les3mousquetons.net\/index.php?rest_route=\/wp\/v2\/pages\/196"}],"wp:attachment":[{"href":"http:\/\/www.les3mousquetons.net\/index.php?rest_route=%2Fwp%2Fv2%2Fmedia&parent=178"}],"curies":[{"name":"wp","href":"https:\/\/api.w.org\/{rel}","templated":true}]}}