{"id":4693,"date":"2021-08-25T17:47:44","date_gmt":"2021-08-25T16:47:44","guid":{"rendered":"http:\/\/www.les3mousquetons.net\/new3m\/?page_id=4693"},"modified":"2026-01-12T22:33:34","modified_gmt":"2026-01-12T21:33:34","slug":"charlene-tortes","status":"publish","type":"page","link":"https:\/\/www.les3mousquetons.net\/?page_id=4693","title":{"rendered":"Simon Marteau"},"content":{"rendered":"<p style=\"font-weight: 400;\">J\u2019ai d\u00e9couvert l\u2019escalade en arrivant \u00e0 Toulouse en 2018, j\u2019ai tout de suite \u00e9t\u00e9 contamin\u00e9 par le virus de la grimpe et j\u2019ai pratiqu\u00e9 sans rel\u00e2che et de fa\u00e7on intensive.<\/p>\n<p style=\"font-weight: 400;\">Puis j\u2019ai int\u00e9gr\u00e9 l\u2019\u00e9quipe d\u2019Altissimo Montaudran, d\u2019abord \u00e0 l\u2019accueil de la salle puis en co-encadrant et enfin j\u2019ai \u00e9t\u00e9 form\u00e9 \u00e0 l\u2019encadrement de mani\u00e8re plus professionnelle lors de mon CQP pour m\u2019occuper de l\u2019\u00e9cole d\u2019escalade d\u2019Alti.<\/p>\n<p style=\"font-weight: 400;\">Depuis je suis moniteur au club des 3 mousquetons, o\u00f9 je m\u2019efforce de faire progresser petit.e.s et grand.e.s dans le respect du rythme de chacun.e, avec \u00e9coute et bienveillance afin que notre merveilleux sport puisse \u00eatre pratiqu\u00e9 sereinement et que tout le monde puisse s\u2019\u00e9panouir dans\u00a0\u00a0la verticalit\u00e9 !<\/p>\n<p style=\"font-weight: 400;\">J\u2019aimerais dans un avenir proche passer mon DEJEPS perfectionnement sportif en escalade afin de pouvoir m\u2019ouvrir \u00e0 l\u2019entrainement plus comp\u00e9titif.<\/p>\n<p style=\"font-weight: 400;\">Je suis aussi souvent dans les salles de blocs toulousaines ou sur les falaises ari\u00e8geoises, alors au plaisir de se croiser au club, \u00e0 la salle ou dehors\u00a0!<\/p>\n<p style=\"font-weight: 400;\">Simon<a href=\"http:\/\/www.les3mousquetons.net\/wp-content\/uploads\/2024\/12\/IMG-20241110-WA0011.jpg\"><img loading=\"lazy\" decoding=\"async\" class=\"aligncenter  wp-image-5719\" src=\"http:\/\/www.les3mousquetons.net\/wp-content\/uploads\/2024\/12\/IMG-20241110-WA0011.jpg\" alt=\"\" width=\"265\" height=\"353\" srcset=\"https:\/\/www.les3mousquetons.net\/wp-content\/uploads\/2024\/12\/IMG-20241110-WA0011.jpg 1200w, https:\/\/www.les3mousquetons.net\/wp-content\/uploads\/2024\/12\/IMG-20241110-WA0011-225x300.jpg 225w, https:\/\/www.les3mousquetons.net\/wp-content\/uploads\/2024\/12\/IMG-20241110-WA0011-768x1023.jpg 768w, https:\/\/www.les3mousquetons.net\/wp-content\/uploads\/2024\/12\/IMG-20241110-WA0011-131x175.jpg 131w, https:\/\/www.les3mousquetons.net\/wp-content\/uploads\/2024\/12\/IMG-20241110-WA0011-1153x1536.jpg 1153w\" sizes=\"(max-width: 265px) 100vw, 265px\" \/><\/a><\/p>\n<p style=\"font-weight: 400;\">\n","protected":false},"excerpt":{"rendered":"<p>J\u2019ai d\u00e9couvert l\u2019escalade en arrivant \u00e0 Toulouse en 2018, j\u2019ai tout de suite \u00e9t\u00e9 contamin\u00e9 par le virus de la grimpe et j\u2019ai pratiqu\u00e9 sans rel\u00e2che et de fa\u00e7on intensive.&hellip;&nbsp;<a href=\"https:\/\/www.les3mousquetons.net\/?page_id=4693\" class=\"\" rel=\"bookmark\">Lire la suite &raquo;<span class=\"screen-reader-text\">Simon Marteau<\/span><\/a><\/p>\n","protected":false},"author":2,"featured_media":0,"parent":16,"menu_order":0,"comment_status":"closed","ping_status":"closed","template":"","meta":{"neve_meta_sidebar":"full-width","neve_meta_container":"","neve_meta_enable_content_width":"on","neve_meta_content_width":100,"neve_meta_title_alignment":"","neve_meta_author_avatar":"","neve_post_elements_order":"","neve_meta_disable_header":"","neve_meta_disable_footer":"","neve_meta_disable_title":"","_themeisle_gutenberg_block_has_review":false,"_ti_tpc_template_sync":false,"_ti_tpc_template_id":"","cybocfi_hide_featured_image":"","footnotes":""},"_links":{"self":[{"href":"https:\/\/www.les3mousquetons.net\/index.php?rest_route=\/wp\/v2\/pages\/4693"}],"collection":[{"href":"https:\/\/www.les3mousquetons.net\/index.php?rest_route=\/wp\/v2\/pages"}],"about":[{"href":"https:\/\/www.les3mousquetons.net\/index.php?rest_route=\/wp\/v2\/types\/page"}],"author":[{"embeddable":true,"href":"https:\/\/www.les3mousquetons.net\/index.php?rest_route=\/wp\/v2\/users\/2"}],"replies":[{"embeddable":true,"href":"https:\/\/www.les3mousquetons.net\/index.php?rest_route=%2Fwp%2Fv2%2Fcomments&post=4693"}],"version-history":[{"count":12,"href":"https:\/\/www.les3mousquetons.net\/index.php?rest_route=\/wp\/v2\/pages\/4693\/revisions"}],"predecessor-version":[{"id":5998,"href":"https:\/\/www.les3mousquetons.net\/index.php?rest_route=\/wp\/v2\/pages\/4693\/revisions\/5998"}],"up":[{"embeddable":true,"href":"https:\/\/www.les3mousquetons.net\/index.php?rest_route=\/wp\/v2\/pages\/16"}],"wp:attachment":[{"href":"https:\/\/www.les3mousquetons.net\/index.php?rest_route=%2Fwp%2Fv2%2Fmedia&parent=4693"}],"curies":[{"name":"wp","href":"https:\/\/api.w.org\/{rel}","templated":true}]}}